
What is the tens digit of 2180408130?
3
What is the units digit of 61275748?
8
What is the ten millions digit of 510290196?
1
What is the units digit of 63676691?
1
What is the tens digit of 490375645?
4
What is the tens digit of 82291612?
1
What is the ten millions digit of 85213954?
8
What is the millions digit of 16212042?
6
What is the tens digit of 97943729?
2
What is the millions digit of 80152836?
0
What is the thousands digit of 97532539?
2
What is the ten thousands digit of 2295932987?
3
What is the tens digit of 503911584?
8
What is the thousands digit of 1106392151?
2
What is the hundreds digit of 45729368?
3
What is the hundred thousands digit of 65327210?
3
What is the ten thousands digit of 7575093?
7
What is the hundreds digit of 233474717?
7
What is the hundreds digit of 1358979212?
2
What is the ten millions digit of 692140999?
9
What is the millions digit of 1943730269?
3
What is the hundred millions digit of 263845487?
2
What is the hundreds digit of 356890676?
6
What is the tens digit of 8042267?
6
What is the billions digit of 2077013830?
2
What is the units digit of 2743872992?
2
What is the hundred millions digit of 145783443?
1
What is the hundred thousands digit of 20806273?
8
What is the ten millions digit of 15832583?
1
What is the millions digit of 84666473?
4
What is the thousands digit of 82588206?
8
What is the ten thousands digit of 1779325175?
2
What is the units digit of 2138457824?
4
What is the ten thousands digit of 1374742951?
4
What is the thousands digit of 44320211?
0
What is the thousands digit of 35140656?
0
What is the millions digit of 5679750169?
9
What is the units digit of 5645892515?
5
What is the thousands digit of 20327165?
7
What is the units digit of 341792025?
5
What is the hundred millions digit of 301647425?
3
What is the units digit of 548301175?
5
What is the millions digit of 2621890644?
1
What is the tens digit of 35136521?
2
What is the ten thousands digit of 2868588244?
8
What is the ten millions digit of 59879677?
5
What is the units digit of 264078284?
4
What is the hundred millions digit of 131750692?
1
What is the millions digit of 247020415?
7
What is the hundred millions digit of 164249797?
1
What is the units digit of 5173040?
0
What is the millions digit of 1183018343?
3
What is the thousands digit of 113359307?
9
What is the thousands digit of 55937523?
7
What is the ten thousands digit of 358821737?
2
What is the ten millions digit of 112466189?
1
What is the hundreds digit of 315700899?
8
What is the ten millions digit of 103145651?
0
What is the tens digit of 106473706?
0
What is the tens digit of 654531747?
4
What is the hundreds digit of 770814131?
1
What is the thousands digit of 796932190?
2
What is the thousands digit of 167591729?
1
What is the ten thousands digit of 13164654?
6
What is the millions digit of 548421848?
8
What is the tens digit of 2059833311?
1
What is the ten millions digit of 23750819?
2
What is the hundred thousands digit of 4282432452?
4
What is the units digit of 1370804?
4
What is the units digit of 43675561?
1
What is the ten millions digit of 4482871199?
8
What is the millions digit of 24050248?
4
What is the millions digit of 39120157?
9
What is the ten millions digit of 56821318?
5
What is the ten thousands digit of 90182072?
8
What is the hundreds digit of 3347224467?
4
What is the hundred thousands digit of 417588171?
5
What is the billions digit of 1854116686?
1
What is the hundred thousands digit of 264696728?
6
What is the thousands digit of 476303829?
3
What is the units digit of 1436744834?
4
What is the thousands digit of 1341315496?
5
What is the hundred thousands digit of 288353868?
3
What is the hundred thousands digit of 58098382?
0
What is the millions digit of 319438931?
9
What is the millions digit of 604574454?
4
What is the ten millions digit of 224296618?
2
What is the tens digit of 2577546619?
1
What is the millions digit of 40960675?
0
What is the hundred thousands digit of 372306107?
3
What is the hundreds digit of 757216749?
7
What is the millions digit of 539315264?
9
What is the thousands digit of 23285600?
5
What is the millions digit of 524783279?
4
What is the tens digit of 1410440736?
3
What is the billions digit of 1242470804?
1
What is the ten thousands digit of 110413474?
1
What is the millions digit of 80162276?
0
What is the units digit of 323997643?
3
What is the tens digit of 177310197?
9
What is the ten millions digit of 2333819907?
3
What is the hundred millions digit of 213726741?
2
What is the thousands digit of 919794087?
4
What is the ten thousands digit of 38860420?
6
What is the units digit of 36964890?
0
What is the thousands digit of 3931536018?
6
What is the ten thousands digit of 1269353663?
5
What is the millions digit of 682336392?
2
What is the thousands digit of 3366503?
6
What is the millions digit of 274733965?
4
What is the ten thousands digit of 1984569177?
6
What is the hundred thousands digit of 99740410?
7
What is the ten millions digit of 45958444?
4
What is the ten millions digit of 188329193?
8
What is the units digit of 191809352?
2
What is the hundreds digit of 9963723?
7
What is the tens digit of 68774387?
8
What is the hundreds digit of 271994386?
3
What is the hundreds digit of 4384709146?
1
What is the tens digit of 49946496?
9
What is the thousands digit of 2125334304?
4
What is the tens digit of 21034624?
2
What is the tens digit of 582422513?
1
What is the hundred millions digit of 935157561?
9
What is the millions digit of 3896510689?
6
What is the millions digit of 6856127477?
6
What is the ten millions digit of 2553276529?
5
What is the ten millions digit of 475276624?
7
What is the ten thousands digit of 47918505?
1
What is the ten millions digit of 48910632?
4
What is the units digit of 748668185?
5
What is the hundred thousands digit of 362924357?
9
What is the ten thousands digit of 145872251?
7
What is the ten millions digit of 4611344801?
1
What is the tens digit of 138657077?
7
What is the ten thousands digit of 35465552?
6
What is the ten thousands digit of 313880935?
8
What is the ten thousands digit of 1629417676?
1
What is the hundreds digit of 4136690927?
9
What is the hundred thousands digit of 13526573?
5
What is the ten millions digit of 2448977437?
4
What is the ten thousands digit of 798846023?
4
What is the millions digit of 525406922?
5
What is the ten millions digit of 91427243?
9
What is the hundreds digit of 8515795?
7
What is the hundreds digit of 17118605?
6
What is the hundred millions digit of 238227274?
2
What is the ten thousands digit of 65887174?
8
What is the hundred thousands digit of 581443110?
4
What is the thousands digit of 233198483?
8
What is the tens digit of 68488518?
1
What is the tens digit of 154438911?
1
What is the units digit of 47815122?
2
What is the tens digit of 54709005?
0
What is the thousands digit of 1330358458?
8
What is the hundred thousands digit of 234175845?
1
What is the ten thousands digit of 25620269?
2
What is the thousands digit of 560455376?
5
What is the hundred millions digit of 624884838?
6
What is the units digit of 55786143?
3
What is the ten thousands digit of 8638761?
3
What is the thousands digit of 2684796690?
6
What is the thousands digit of 505348569?
8
What is the units digit of 886506083?
3
What is the tens digit of 683790302?
0
What is the ten millions digit of 3434703632?
3
What is the units digit of 1373487092?
2
What is the hundred thousands digit of 5356295?
3
What is the hundreds digit of 19221974?
9
What is the thousands digit of 288453644?
3
What is the millions digit of 2377957057?
7
What is the ten thousands digit of 107279807?
7
What is the ten millions digit of 61489641?
6
What is the ten thousands digit of 511173658?
7
What is the hundreds digit of 56949729?
7
What is the ten thousands digit of 1411341906?
4
What is the units digit of 1495235378?
8
What is the ten millions digit of 434356673?
3
What is the thousands digit of 672906608?
6
What is the tens digit of 63460715?
1
What is the hundred thousands digit of 9761397?
7
What is the tens digit of 109200920?
2
What is the units digit of 55217660?
0
What is the ten thousands digit of 209016600?
1
What is the tens digit of